= 17*k(f) - 6*x(f). Give b(7).
-2
Let y(v) = -112*v**2 + 212*v**2 + 3*v - 103*v**2 - v**3 + 1. What is y(-2)?
-9
Let d(m) be the first derivative of m**3/3 - m**2/2 - 18*m + 238. Give d(0).
-18
Let l(u) = -u**2 - u - 7. Let w be l(0). Let i = -31 + 33. Let y(b) = -5*b + 4 - 6 - 2*b**2 + 7 + b**i. What is y(w)?
-9
Let o(c) be the second derivative of c**6/120 + c**5/12 + c**4/24 + 2*c**3/3 + 11*c**2 + 15*c. Let l(z) be the first derivative of o(z). What is l(-5)?
-1
Let g(d) = d - 2. Suppose -4*r + 32 = 5*q - 5*r, 5*q - 23 = 4*r. Let f = q - 4. Suppose f*b = -9, l + 2*b = -b - 4. Determine g(l).
3
Let d(o) = 1 - 780*o - 775*o + 1557*o + 4. What is d(-4)?
-3
Let b(f) = f**2 - 2. Suppose 0 = 3*a - 6 - 0. Suppose -10 = -2*n - a*p + 4, p = n + 1. Suppose -2*c + 0*d + 4*d + 16 = 0, -d = n. What is b(c)?
2
Let b(a) = 2*a**2 + 17*a + 9. Let o(w) = w**2 + 8*w + 4. Let k = -8 - -3. Let p(f) = k*o(f) + 2*b(f). Give p(-4).
6
Let f(s) = s**3 - 12*s**2 + 35*s - 10. Let r be f(7). Let u(p) = 3*p + 4. What is u(r)?
-26
Let v(b) = -20*b - 11. Let y(f) = 57*f + 31. Let k(z) = 17*v(z) + 6*y(z). Suppose -4*c + 14 = 2. Give k(c).
5
Let g = 13 - 12. Let y(n) = n + n**2 + 4*n - 6*n + 0*n + g. Determine y(3).
7
Let c(f) = 4*f**2 - 9*f**2 - 5 - 8*f + f**3 + 9*f - 5*f**2. What is c(10)?
5
Let d(k) = -k**2 + 5. Suppose 61*p - 56*p - 145 = 0. Let r = p + -33. Calculate d(r).
-11
Let g(a) = -15*a**2 - 7*a + 6. Let m(u) = 13*u**2 + 6*u - 5. Let q(d) = 6*g(d) + 7*m(d). What is q(-3)?
10
Let t(b) = -2*b + 12. Suppose 41 = 5*x + 16. Suppose 3*g + 2*v - 20 = 0, x*g - v - 3*v - 48 = 0. Calculate t(g).
-4
Suppose 0 = 5*j + 3*k - 62, -j - 1 = 2*k - 19. Suppose -j*o = -8*o - 12. Let c(l) = 0 - 4*l + 3*l + 0 - o. Give c(-5).
-1
Let w = 19 + -28. Let b(i) = i**2 + 12*i + 5. Calculate b(w).
-22
Let v(t) = 7*t**3 + 7*t**2 - 6*t + 11. Let h(c) = 20*c**3 + 20*c**2 - 17*c + 32. Let m(a) = 6*h(a) - 17*v(a). Let f be 0/((-5)/((-5)/2)). Determine m(f).
5
Let w(i) be the third derivative of i**5/60 - i**4/6 + i**3/3 - 21*i**2. Let r be w(4). Let s(y) = -6*y**2 - y - 1. Calculate s(r).
-27
Let d(z) = -z**3 + 9*z**2 - 7*z - 9. Let i = 46 - 44. Let p be (1 + -3)*(-5)/i - -3. What is d(p)?
-1
Let q be (-15)/(-25) + (-132)/20. Let r(c) = c**3 - 5*c**2 + 4*c**2 + 5 + c + 5*c**2 + 2*c**2. What is r(q)?
-1
Let z(f) = f**2 - 10*f - 6. Suppose -31*u + 29*u + 20 = 0. Let v be 18/u*9/((-9)/(-5)). Determine z(v).
-15
Let x(r) be the third derivative of -r**4/12 - r**3/6 - r**2. Let w = 32 - 24. Suppose 2*l - w = -4*t - 30, -7 = t + l. Give x(t).
7
Let f be (-30)/18*12/(-10). Let o be (-8)/(-4) - (f + -2). Let g(u) = -u**2 + 6*u + 1. Let w(q) = -5*q**2 + 25*q + 3. Let p(y) = o*w(y) - 9*g(y). What is p(-4)?
-3
Suppose m + 1 = 3*v, 2*v + 3*m = 2*m - 1. Suppose 0 = k + 4*k. Let f(c) = 5*c - 4*c - 7 - c**2 + k*c**2. Calculate f(v).
-7
Let j(b) = b**3 + 5*b**2 - 9*b - 9. Suppose 2*w - 7*w - 120 = 0. Let x = 18 + w. Calculate j(x).
9
Suppose 5*v + 21 = 61. Let o = v + -1. Let k(m) be the first derivative of m**4/4 - 8*m**3/3 + 5*m**2/2 + 7*m - 70. Determine k(o).
-7
Let o(u) = -3*u**3 - 5*u**2 + 5*u - 1. Let z(v) = -13*v**3 - 21*v**2 + 22*v - 5. Let l(d) = 9*o(d) - 2*z(d). Determine l(-2).
-5
Let i(j) = 7*j + 8. Let h(b) = -b - 1. Let w(n) = -6*h(n) - i(n). Suppose -2*a = -2*v + 9 + 1, -45 = -4*v - a. Suppose 0 = -7*x + v*x. What is w(x)?
-2
Let h(v) = -v + 1. Let l(z) = -z - 5. Let o(n) = 2*h(n) - l(n). What is o(2)?
5
Suppose -5*s - 5*x - 45 = 0, 2*x = -s + 6*s + 31. Let p(u) = 6*u - 3. Let d(b) = 5*b - 3. Let f(y) = 5*d(y) - 4*p(y). Determine f(s).
-10
Let s(n) = n**2 + 7*n + 1. Let l(f) = -13*f + 8. Let d be l(1). Give s(d).
-9
Let t(l) = -3*l**3 + 33*l**2 + l - 16. Let k(h) = -h**3 + 11*h**2 - 5. Let c(f) = -7*k(f) + 2*t(f). What is c(11)?
25
Let i(m) = -m**2 - 2*m + 1. Let r(s) = 4*s - 7. Suppose 8 = -4*j + 4*n, -2*j + 3 - 4 = -n. Let d be r(j). Calculate i(d).
-2
Let n = -3 + 3. Let j(b) = -2*b + b + 0*b + 7 + n*b. Give j(5).
2
Let r(p) = 4*p**2 - p. Let q(k) = -2*k**2 - 15*k - 15. Let a be q(-6). Suppose 4*u - 1 - a = 0. Give r(u).
3
Let s(l) = l**3 - 8*l**2 - 4*l + 7. Let c(r) = -3*r**3 + 25*r**2 + 11*r - 21. Let z(o) = 4*c(o) + 11*s(o). Give z(12).
-7
Let k(p) = -p**3 - 4*p**2 + 5*p - 1. Let o(w) = -20*w - 5. Let h be o(0). What is k(h)?
-1
Let l(j) = 1 + 2*j**3 + 0*j**3 - 6*j**2 + 1356*j - 1358*j + 7. Determine l(4).
32
Suppose 0 = 4*q + 5*m - m - 12, 0 = 3*q - 3*m - 15. Suppose -5*c - x + 2*x + 17 = 0, -x + 10 = q*c. Let v(g) = -2*g + 2. Determine v(c).
-4
Let k(z) = 6*z**2 - 18*z + 26. Let j(q) = -5*q**2 + 17*q - 26. Let v(p) = -7*j(p) - 6*k(p). Let t be v(-13). Let l(f) = -f**2 + f + 13. Calculate l(t).
13
Let m(t) = t**2 - 1. Let n be m(1). Let v(h) = h - 1 + h + 0 + 4*h - 7*h. What is v(n)?
-1
Let q(y) be the second derivative of y**5/20 + y**4/4 - y**3 - 5*y**2/2 + y. Let a(n) = 2*n**2 - 3. Let c be a(2). Suppose 4 = -c*d + 4*d. Calculate q(d).
3
Let u(i) = 15*i**3 + 43*i**2 + 15*i - 15. Let s(j) = 4*j**3 + 12*j**2 + 4*j - 4. Let z(n) = 22*s(n) - 6*u(n). Calculate z(3).
-4
Let p(b) = b**2 - 8*b + 10. Let t = 1695 + -1691. Give p(t).
-6
Let h be (-2)/3 - 23/(-3). Let b(c) = 5*c**2 + 1 - h*c**2 + 4 - 1 - 4*c. Calculate b(-4).
-12
Suppose h = 15 - 19. Let p(s) = -s**3 - 4*s**2 - 3*s. Give p(h).
12
Let v(z) = -14*z - 8*z**2 + 27*z + 9*z**2 + 7. What is v(-12)?
-5
Let p(y) be the first derivative of 0*y - 10 - 1/120*y**5 + 0*y**2 - 7/3*y**3 + 1/2*y**4. Let q(d) be the third derivative of p(d). Determine q(5).
7
Suppose -4*u = 3*k - 33, 7*u - 3*u = 12. Let c(i) = i**3 - 8*i**2 + 7*i + 10. Determine c(k).
10
Suppose -4*d + 3 = -1. Let p be 0/d*1 + 2. Let h(m) be the second derivative of -m**5/20 + m**3/2 - m**2/2 + 3*m + 7. Calculate h(p).
-3
Let v(y) = -y**3 + 19*y**2 - 2. Suppose 6*p - 124 = -10. Determine v(p).
-2
Let k be (-2)/(-2)*-1 - 1. Let q(c) be the second derivative of c**4/12 + c**2/2 - 10*c + 41. What is q(k)?
5
Let g(v) = -2 - v + v + v + v. Let p be g(-2). Let r(s) = -s**2 - 9*s - 9. What is r(p)?
9
Let l(x) = x**2 - 10*x - 9. Let u(p) = p**2 - 9*p - 8. Let v(t) = 5*l(t) - 6*u(t). Give v(5).
-2
Suppose -3*o - 5 + 2 = 0. Let m(q) be the first derivative of 5*q**3 - q**2 - q - 174. Determine m(o).
16
Let h(p) be the first derivative of -p**3/3 - 5*p**2 - 19*p + 383. Determine h(-5).
6
Let n be (-1)/((-181)/440 + (-2)/(-5)). Let r = n + -89. Let x(c) = 21*c**2 - 1. Determine x(r).
20
Let j = -318 + 321. Let v(m) = m + 6. Give v(j).
9
Let k be -3 - -133*(-5)/(-5). Let j(z) = -5*z - k + 256 + z**2 - 127. Suppose -4*n + 3*o + 12 = 1, -n - 2*o + 11 = 0. Calculate j(n).
-1
Let y(t) be the first derivative of t**3/3 + t**2 + 5*t + 314. What is y(-2)?
5
Let q(a) = -a**2 + a**2 - a**2 - 8*a**3 + 1 - a**2. Suppose 3*x = -p + 8, 3*p - 12*x = -10*x - 9. Give q(p).
7
Let b(h) be the third derivative of h**5/20 - h**4/24 - 2*h**3/3 - 4*h**2 - 2. Calculate b(2).
6
Let o(c) = c**2 + 7*c + 15. Let w(x) = -4*x**2 - 20*x - 42. Let d(s) = -14*o(s) - 5*w(s). Determine d(2).
28
Let o = 30 + -29. Let w be o + 30/(-8) - 8/32. Let c(g) = -g**2 - 2*g - 1. Determine c(w).
-4
Let h(l) be the second derivative of -1/2*l**2 + 19*l + 1/6*l**3 + 0. Determine h(1).
0
Let a(c) be the second derivative of c**4/12 + 2*c**3/3 + c**2/2 + c. Let y be (-38)/(-247) - 323/(-13). Let u = 20 - y. Determine a(u).
6
Let b(c) = -2*c**2 - 13*c - 6. Let m(v) = -3*v**2 - 14*v - 5. Let l(o) = 5*b(o) - 4*m(o). Determine l(7).
25
Let h = -104 + 106. Let o(g) be the second derivative of -g + 0*g**2 + 1/12*g**4 - 2/3*g**3 + 0. Calculate o(h).
-4
Let z(n) = -n**2 + 7*n + 1. Let l be z(5). Let h be 0/(-1) - (l + -11). Let r(y) = 0 - 3 - 2*y + 2*y + y. What is r(h)?
-3
Suppose -3*y + 4*y = -z - 12, 5*z + 39 = 2*y. Let h be 6/z + 60/9. Let a(g) = 7 + 2*g + h - 6 - g. Calculate a(5).
12
Let u(f) = f**3 + 5*f**2 - 3*f + 11. Suppose 36*l = 16*l - 120. Give u(l).
-7
Let s(h) = h + 12. Suppose -5*z + 3*m = -27, 5 - 18 = -3*z + m. Suppose 3*o - 37 = 5*t, 4*t - z*t + 1 = -o. Determine s(t).
7
Let w(b) = -b + 2. Suppose 2 + 4 = 2*j. Suppose i = j, 4*v = -i - 2*i + 5. Let d(u) = 4*u - 2. Let f be d(v). Calculate w(f).
8
Suppose -150*q + 265 - 865 = 0. Let n(s) = -s**2 - s + 1. Let z(w) = 2*w**2 + 6*w - 4. Let g(y) = n(y) + z(y). What is g(q)?
-7
Supp